{"id":683,"date":"2020-10-11T16:54:36","date_gmt":"2020-10-11T16:54:36","guid":{"rendered":"https:\/\/imamusica.com.br\/site\/bateria-copy\/"},"modified":"2025-01-23T00:56:06","modified_gmt":"2025-01-23T00:56:06","slug":"cursoperformance","status":"publish","type":"page","link":"https:\/\/imamusica.com.br\/site\/cursoperformance\/","title":{"rendered":"Curso de Performance"},"content":{"rendered":"<p>[et_pb_section fb_built=&#8221;1&#8243; fullwidth=&#8221;on&#8221; custom_padding_last_edited=&#8221;on|phone&#8221; _builder_version=&#8221;4.6.3&#8243; background_image=&#8221;https:\/\/imamusica.com.br\/site\/wp-content\/uploads\/2020\/03\/preto_topp.png&#8221; background_position=&#8221;bottom_center&#8221; custom_margin_tablet=&#8221;&#8221; custom_margin_phone=&#8221;&#8221; custom_margin_last_edited=&#8221;on|desktop&#8221; custom_padding=&#8221;0px|0px|160px|0px|false|false&#8221; custom_padding_tablet=&#8221;&#8221; custom_padding_phone=&#8221;||100px||false|false&#8221;][et_pb_fullwidth_slider _builder_version=&#8221;3.16&#8243; box_shadow_style=&#8221;preset6&#8243; box_shadow_blur=&#8221;10px&#8221; box_shadow_color=&#8221;rgba(0,0,0,0.1)&#8221; button_text_size__hover_enabled=&#8221;off&#8221; button_one_text_size__hover_enabled=&#8221;off&#8221; button_two_text_size__hover_enabled=&#8221;off&#8221; button_text_color__hover_enabled=&#8221;off&#8221; button_one_text_color__hover_enabled=&#8221;off&#8221; button_two_text_color__hover_enabled=&#8221;off&#8221; button_border_width__hover_enabled=&#8221;off&#8221; button_one_border_width__hover_enabled=&#8221;off&#8221; button_two_border_width__hover_enabled=&#8221;off&#8221; button_border_color__hover_enabled=&#8221;off&#8221; button_one_border_color__hover_enabled=&#8221;off&#8221; button_two_border_color__hover_enabled=&#8221;off&#8221; button_border_radius__hover_enabled=&#8221;off&#8221; button_one_border_radius__hover_enabled=&#8221;off&#8221; button_two_border_radius__hover_enabled=&#8221;off&#8221; button_letter_spacing__hover_enabled=&#8221;off&#8221; button_one_letter_spacing__hover_enabled=&#8221;off&#8221; button_two_letter_spacing__hover_enabled=&#8221;off&#8221; button_bg_color__hover_enabled=&#8221;off&#8221; button_one_bg_color__hover_enabled=&#8221;off&#8221; button_two_bg_color__hover_enabled=&#8221;off&#8221;][\/et_pb_fullwidth_slider][et_pb_fullwidth_post_title meta=&#8221;off&#8221; image_height=&#8221;1000px&#8221; image_max_height=&#8221;1000px&#8221; _builder_version=&#8221;4.6.3&#8243; title_font=&#8221;Voces|700|||||||&#8221; title_text_align=&#8221;center&#8221; title_text_color=&#8221;#ffffff&#8221; title_font_size=&#8221;60px&#8221; text_orientation=&#8221;center&#8221; width=&#8221;100%&#8221; width_phone=&#8221;100%&#8221; width_last_edited=&#8221;off|phone&#8221; max_width=&#8221;100%&#8221; module_alignment=&#8221;center&#8221; custom_margin=&#8221;-50px||||false|false&#8221; custom_margin_tablet=&#8221;&#8221; custom_margin_phone=&#8221;-50px||||false|false&#8221; custom_margin_last_edited=&#8221;on|phone&#8221; custom_padding=&#8221;|56px||50px||&#8221; title_font_size_phone=&#8221;34px&#8221; text_orientation_tablet=&#8221;&#8221; text_orientation_phone=&#8221;center&#8221; text_orientation_last_edited=&#8221;on|phone&#8221; module_alignment_tablet=&#8221;&#8221; module_alignment_phone=&#8221;center&#8221; module_alignment_last_edited=&#8221;on|phone&#8221;][\/et_pb_fullwidth_post_title][\/et_pb_section][et_pb_section fb_built=&#8221;1&#8243; _builder_version=&#8221;3.22&#8243; custom_padding=&#8221;17px|0px|17px|0px||&#8221;][et_pb_row _builder_version=&#8221;3.25&#8243; custom_margin=&#8221;-42px|auto||auto||&#8221; custom_padding=&#8221;30px|0px|60px|0px||&#8221;][et_pb_column type=&#8221;4_4&#8243; _builder_version=&#8221;3.25&#8243; custom_padding=&#8221;|||&#8221; custom_padding__hover=&#8221;|||&#8221;][et_pb_text _builder_version=&#8221;4.6.3&#8243;]<\/p>\n<p style=\"text-align: justify;\">O curso de Performance \u00e9 destinado a alunos com conhecimento intermedi\u00e1rio que desejam experimentar uma imers\u00e3o cultural. Com uma dura\u00e7\u00e3o de 6 meses a um ano no Brasil e at\u00e9 duas semanas em Los Angeles, na renomada LACM. Nossos alunos n\u00e3o apenas ampliar\u00e3o seu conhecimento musical, mas tamb\u00e9m criar\u00e3o mem\u00f3rias inesquec\u00edveis.<\/p>\n<p style=\"text-align: justify;\">O<span style=\"font-size: 14px;\">ferecemos uma grade mais detalhada, completa e objetiva que far\u00e1 com que seu sonho se realize!<\/span><\/p>\n<p style=\"text-align: justify;\">Se voc\u00ea est\u00e1 em busca do melhor conhecimento para o seu aprendizado musical, atras de uma institui\u00e7\u00e3o s\u00e9ria, que valoriza o seu dinheiro e solidifique o seu conhecimento, escolha um instituto que inclue em seus curriculuns a forma\u00e7\u00e3o de v\u00e1rios profissionais. N\u00f3s somos esse instituto! N\u00f3s temos as melhores parcerias! N\u00f3s temos o melhor suporte did\u00e1tico para te oferecer um ensino de qualidade, que n\u00e3o fruste as suas expectativas!<\/p>\n<p style=\"text-align: justify;\">Al\u00e9m do interc\u00e2mbio, o aluno que se matricular no Curso de Performance ter\u00e1 todo suporte necess\u00e1rio para que o seu desenvolvimento seja estruturado da melhor maneira poss\u00edvel! Com acompanhamento e aplica\u00e7\u00e3o rigorosos, as grades dos cursos s\u00e3o completas e oferecem tudo o que \u00e9 necess\u00e1rio para uma \u00f3tima forma\u00e7\u00e3o educacional, garantindo ao aluno prepara\u00e7\u00e3o para poder realizar o interc\u00e2mbio!<\/p>\n<p style=\"text-align: justify;\">O aluno tamb\u00e9m poder\u00e1 participar de outras atividades que ser\u00e3o realizadas na Institui\u00e7\u00e3o. Como: Master Class, Workshops, Jam Sessions, grava\u00e7\u00f5es em est\u00fadio profissional, sendo poss\u00edvel receber a certifica\u00e7\u00e3o de participa\u00e7\u00e3o!<\/p>\n<p style=\"text-align: justify;\">Neste curso al\u00e9m da aula pr\u00e1tica tamb\u00e9m est\u00e3o inclusos outras 3 disciplinas que o aluno deve fazer para conclus\u00e3o do curso.<\/p>\n<p style=\"text-align: justify;\">As disciplinas s\u00e3o:<\/p>\n<p style=\"text-align: justify;\">&#8211; Aula Pr\u00e1tica de instrumento ou canto<\/p>\n<p style=\"text-align: justify;\">&#8211; Pr\u00e1tica de banda<\/p>\n<p style=\"text-align: justify;\">&#8211; Teoria musical<\/p>\n<p style=\"text-align: justify;\">&#8211; Percep\u00e7\u00e3o ritmica, m\u00e9lodia e harm\u00f4nica.\u00a0<\/p>\n<p>[\/et_pb_text][\/et_pb_column][\/et_pb_row][et_pb_row _builder_version=&#8221;4.6.3&#8243; _module_preset=&#8221;default&#8221; custom_padding=&#8221;||12px|||&#8221;][et_pb_column type=&#8221;4_4&#8243; _builder_version=&#8221;4.6.3&#8243; _module_preset=&#8221;default&#8221;][et_pb_text _builder_version=&#8221;4.6.3&#8243; _module_preset=&#8221;default&#8221; text_font=&#8221;|800|||||||&#8221; text_text_color=&#8221;#e02b20&#8243; text_font_size=&#8221;30px&#8221;]<\/p>\n<p style=\"text-align: center;\">Cursos Oferecidos:<\/p>\n<p>[\/et_pb_text][\/et_pb_column][\/et_pb_row][et_pb_row column_structure=&#8221;1_3,1_3,1_3&#8243; _builder_version=&#8221;4.6.3&#8243; _module_preset=&#8221;default&#8221;][et_pb_column type=&#8221;1_3&#8243; _builder_version=&#8221;4.6.3&#8243; _module_preset=&#8221;default&#8221;][\/et_pb_column][et_pb_column type=&#8221;1_3&#8243; _builder_version=&#8221;4.6.3&#8243; _module_preset=&#8221;default&#8221;][et_pb_text _builder_version=&#8221;4.6.3&#8243; _module_preset=&#8221;default&#8221; text_font=&#8221;|800|||||||&#8221; text_font_size=&#8221;20px&#8221;]<\/p>\n<p style=\"text-align: center;\">\u2022 Canto<\/p>\n<p style=\"text-align: center;\">\u2022 Guitarra<\/p>\n<p style=\"text-align: center;\">\u2022 Viol\u00e3o<\/p>\n<p style=\"text-align: center;\">\u2022 Baixo<\/p>\n<p style=\"text-align: center;\">\u2022 Bateria<\/p>\n<p style=\"text-align: center;\">\u2022 Piano<\/p>\n<p>[\/et_pb_text][\/et_pb_column][et_pb_column type=&#8221;1_3&#8243; _builder_version=&#8221;4.6.3&#8243; _module_preset=&#8221;default&#8221;][\/et_pb_column][\/et_pb_row][\/et_pb_section][et_pb_section fb_built=&#8221;1&#8243; _builder_version=&#8221;4.6.3&#8243; _module_preset=&#8221;default&#8221; custom_padding=&#8221;34px||33px|||&#8221; hover_enabled=&#8221;0&#8243; custom_margin_last_edited=&#8221;on|phone&#8221; sticky_enabled=&#8221;0&#8243; custom_margin=&#8221;0px||||false|false&#8221; custom_margin_phone=&#8221;-50px||||false|false&#8221;][et_pb_row _builder_version=&#8221;4.6.3&#8243; _module_preset=&#8221;default&#8221;][et_pb_column type=&#8221;4_4&#8243; _builder_version=&#8221;4.6.3&#8243; _module_preset=&#8221;default&#8221;][et_pb_text _builder_version=&#8221;4.6.3&#8243; text_font=&#8221;Voces|700|||||||&#8221; text_text_color=&#8221;#0c0c0c&#8221; text_font_size=&#8221;22px&#8221; text_orientation=&#8221;center&#8221; custom_margin=&#8221;0px||||false|false&#8221; hover_enabled=&#8221;0&#8243; global_module=&#8221;933&#8243; saved_tabs=&#8221;all&#8221; custom_margin_last_edited=&#8221;on|desktop&#8221; sticky_enabled=&#8221;0&#8243; content_last_edited=&#8221;on|desktop&#8221;]<\/p>\n<h1>Matricule-se j\u00e1!<\/h1>\n<h1>(14) 3881-0042<\/h1>\n<p>[\/et_pb_text][et_pb_button button_url=&#8221;https:\/\/api.whatsapp.com\/send?phone=5514997755927&#038;text=Ol\u00e1!%20Vim%20pelo%20site%20e%20Gostaria%20de%20saber%20mais%20sobre%20o%20curso%20de%performance.&#8221; url_new_window=&#8221;on&#8221; button_text=&#8221;Chame no WhatsApp !&#8221; button_alignment=&#8221;center&#8221; button_text_tablet=&#8221;&#8221; button_text_phone=&#8221;Chame no WhatsApp !&#8221; button_text_last_edited=&#8221;on|phone&#8221; button_alignment_tablet=&#8221;&#8221; button_alignment_phone=&#8221;center&#8221; button_alignment_last_edited=&#8221;on|phone&#8221; _builder_version=&#8221;4.6.3&#8243; _module_preset=&#8221;default&#8221; custom_button=&#8221;on&#8221; button_text_size=&#8221;26px&#8221; button_bg_color=&#8221;#7cda24&#8243; button_border_radius=&#8221;11px&#8221; button_letter_spacing=&#8221;1px&#8221; button_font=&#8221;|800|||||||&#8221; button_icon=&#8221;%%264%%&#8221; button_icon_placement=&#8221;left&#8221; button_on_hover=&#8221;off&#8221; custom_margin=&#8221;60px||||false|false&#8221; custom_margin_tablet=&#8221;&#8221; custom_margin_phone=&#8221;50px||||false|false&#8221; custom_margin_last_edited=&#8221;on|desktop&#8221; custom_padding=&#8221;||4px|45px|false|false&#8221; hover_enabled=&#8221;0&#8243; button_text_size_tablet=&#8221;&#8221; button_text_size_phone=&#8221;19px&#8221; button_text_size_last_edited=&#8221;on|phone&#8221; button_letter_spacing_tablet=&#8221;&#8221; button_letter_spacing_phone=&#8221;&#8221; button_letter_spacing_last_edited=&#8221;on|phone&#8221; button_icon_tablet=&#8221;&#8221; button_icon_phone=&#8221;%%264%%&#8221; button_icon_last_edited=&#8221;on|phone&#8221; button_icon_placement_tablet=&#8221;&#8221; button_icon_placement_phone=&#8221;&#8221; button_icon_placement_last_edited=&#8221;on|phone&#8221; button_on_hover_tablet=&#8221;&#8221; button_on_hover_phone=&#8221;&#8221; button_on_hover_last_edited=&#8221;on|phone&#8221; background_layout_tablet=&#8221;&#8221; background_layout_phone=&#8221;dark&#8221; background_layout_last_edited=&#8221;on|phone&#8221; sticky_enabled=&#8221;0&#8243; min_height=&#8221;75px&#8221;][\/et_pb_button][\/et_pb_column][\/et_pb_row][\/et_pb_section][et_pb_section fb_built=&#8221;1&#8243; module_id=&#8221;contato&#8221; _builder_version=&#8221;4.6.3&#8243; background_color=&#8221;rgba(178,178,178,0.16)&#8221; background_image=&#8221;https:\/\/imamusica.com.br\/site\/wp-content\/uploads\/2020\/03\/preto.png&#8221; background_position=&#8221;top_center&#8221; custom_padding=&#8221;84px|0px|0px|0px&#8221; hover_enabled=&#8221;0&#8243; custom_margin_last_edited=&#8221;on|desktop&#8221; sticky_enabled=&#8221;0&#8243; custom_margin_phone=&#8221;-60px||||false|false&#8221;][et_pb_row _builder_version=&#8221;4.6.3&#8243; background_size=&#8221;initial&#8221; background_position=&#8221;top_left&#8221; background_repeat=&#8221;repeat&#8221; custom_padding=&#8221;100px|0px|27px|0px|false|false&#8221; hover_enabled=&#8221;0&#8243; custom_margin_last_edited=&#8221;on|desktop&#8221; sticky_enabled=&#8221;0&#8243;][et_pb_column type=&#8221;4_4&#8243; _builder_version=&#8221;3.25&#8243; custom_padding=&#8221;|||&#8221; custom_padding__hover=&#8221;|||&#8221;][et_pb_signup provider=&#8221;mailpoet&#8221; mailpoet_list=&#8221;IMA|3&#8243; name_field=&#8221;on&#8221; success_message=&#8221;Sucesso!&#8221; title=&#8221;Receba Novidades!&#8221; button_text=&#8221;Inscrever-se!&#8221; description=&#8221;<\/p>\n<\/p>\n<p>Cadastre o seu E-Mail e receber novidades da IMA!<br \/>Preencha com seus dados corretamente.<\/p>\n<p>&#8221; _builder_version=&#8221;3.23&#8243; header_font=&#8221;Voces|700|||||||&#8221; header_font_size=&#8221;44px&#8221; body_font=&#8221;Voces||||||||&#8221; body_font_size=&#8221;19px&#8221; background_color=&#8221;rgba(126,190,197,0)&#8221; hover_enabled=&#8221;0&#8243; header_font_size_tablet=&#8221;&#8221; header_font_size_phone=&#8221;27px&#8221; header_font_size_last_edited=&#8221;on|desktop&#8221; result_message_font_size_tablet=&#8221;51&#8243; result_message_line_height_tablet=&#8221;2&#8243; button_text_size__hover_enabled=&#8221;off&#8221; button_one_text_size__hover_enabled=&#8221;off&#8221; button_two_text_size__hover_enabled=&#8221;off&#8221; button_text_color__hover_enabled=&#8221;off&#8221; button_one_text_color__hover_enabled=&#8221;off&#8221; button_two_text_color__hover_enabled=&#8221;off&#8221; button_border_width__hover_enabled=&#8221;off&#8221; button_one_border_width__hover_enabled=&#8221;off&#8221; button_two_border_width__hover_enabled=&#8221;off&#8221; button_border_color__hover_enabled=&#8221;off&#8221; button_one_border_color__hover_enabled=&#8221;off&#8221; button_two_border_color__hover_enabled=&#8221;off&#8221; button_border_radius__hover_enabled=&#8221;off&#8221; button_one_border_radius__hover_enabled=&#8221;off&#8221; button_two_border_radius__hover_enabled=&#8221;off&#8221; button_letter_spacing__hover_enabled=&#8221;off&#8221; button_one_letter_spacing__hover_enabled=&#8221;off&#8221; button_two_letter_spacing__hover_enabled=&#8221;off&#8221; button_bg_color__hover_enabled=&#8221;off&#8221; button_one_bg_color__hover_enabled=&#8221;off&#8221; button_two_bg_color__hover_enabled=&#8221;off&#8221; sticky_enabled=&#8221;0&#8243;]<\/p>\n<p>\u00a0<\/p>\n<p>Cadastre o seu E-Mail e receber novidades da IMA!<br \/>Preencha com seus dados corretamente.<\/p>\n<p>[\/et_pb_signup][\/et_pb_column][\/et_pb_row][\/et_pb_section]<\/p>\n<div style=\"padding-bottom:20px; padding-top:10px;\" class=\"hupso-share-buttons\"><!-- Hupso Share Buttons - https:\/\/www.hupso.com\/share\/ --><a class=\"hupso_counters\" href=\"https:\/\/www.hupso.com\/share\/\"><img decoding=\"async\" src=\"https:\/\/static.hupso.com\/share\/buttons\/dot.png\" style=\"border:0px; padding-top:2px; float:left;\" alt=\"Share Button\"\/><\/a><script type=\"text\/javascript\">var hupso_services_c=new Array();var hupso_counters_lang = \"pt_BR\";var hupso_image_folder_url = \"\";var hupso_url_c=\"\";<\/script><script type=\"text\/javascript\" src=\"https:\/\/static.hupso.com\/share\/js\/counters.js\"><\/script><!-- Hupso Share Buttons --><\/div>","protected":false},"excerpt":{"rendered":"<p>O curso de Performance \u00e9 destinado a alunos com conhecimento intermedi\u00e1rio que desejam experimentar uma imers\u00e3o cultural. Com uma dura\u00e7\u00e3o de 6 meses a um ano no Brasil e at\u00e9 duas semanas em Los Angeles, na renomada LACM. Nossos alunos n\u00e3o apenas ampliar\u00e3o seu conhecimento musical, mas tamb\u00e9m criar\u00e3o mem\u00f3rias inesquec\u00edveis. Oferecemos uma grade mais [&hellip;]<\/p>\n","protected":false},"author":1,"featured_media":0,"parent":0,"menu_order":0,"comment_status":"closed","ping_status":"closed","template":"","meta":{"_et_pb_use_builder":"on","_et_pb_old_content":"","_et_gb_content_width":"","_monsterinsights_skip_tracking":false,"_monsterinsights_sitenote_active":false,"_monsterinsights_sitenote_note":"","_monsterinsights_sitenote_category":0,"footnotes":""},"class_list":["post-683","page","type-page","status-publish","hentry"],"_links":{"self":[{"href":"https:\/\/imamusica.com.br\/site\/wp-json\/wp\/v2\/pages\/683","targetHints":{"allow":["GET"]}}],"collection":[{"href":"https:\/\/imamusica.com.br\/site\/wp-json\/wp\/v2\/pages"}],"about":[{"href":"https:\/\/imamusica.com.br\/site\/wp-json\/wp\/v2\/types\/page"}],"author":[{"embeddable":true,"href":"https:\/\/imamusica.com.br\/site\/wp-json\/wp\/v2\/users\/1"}],"replies":[{"embeddable":true,"href":"https:\/\/imamusica.com.br\/site\/wp-json\/wp\/v2\/comments?post=683"}],"version-history":[{"count":48,"href":"https:\/\/imamusica.com.br\/site\/wp-json\/wp\/v2\/pages\/683\/revisions"}],"predecessor-version":[{"id":2038,"href":"https:\/\/imamusica.com.br\/site\/wp-json\/wp\/v2\/pages\/683\/revisions\/2038"}],"wp:attachment":[{"href":"https:\/\/imamusica.com.br\/site\/wp-json\/wp\/v2\/media?parent=683"}],"curies":[{"name":"wp","href":"https:\/\/api.w.org\/{rel}","templated":true}]}}